8, -2*c + 1793 = -5*i. What is the hundreds digit of c?
8
Let y be (-2)/(-4)*(-9 - -8689)/20. Let l be 40/(-3) + (-2)/(-6). Let k = y - l. What is the units digit of k?
0
Let d = 14253 + 3086. What is the hundreds digit of d?
3
Let v(t) = 14*t**3 + 44*t - 26. Let w(b) = 5*b**3 + 15*b - 9. Let z(m) = 6*v(m) - 17*w(m). What is the thousands digit of z(-11)?
1
Let l = -672 - -6350. What is the tens digit of l?
7
Suppose 2*c - v + 2 = 0, 2*c + 25 = -v + 19. Suppose -3733 + 898 = -5*s. What is the hundreds digit of c/5 + s/5?
1
Suppose 14*y - 4055 = -611. Suppose -532*v - y = -538*v. What is the units digit of v?
1
Let n(p) = -591*p + 485. What is the units digit of n(-13)?
8
What is the thousands digit of (3817 + (-17 - -9))*13?
9
Let h(n) = 107*n + 11272. What is the units digit of h(0)?
2
Suppose -153*u = -6926229 + 777159. What is the hundreds digit of u?
1
Let b be 6/(-11 + 5) - 0. Let y(q) be the second derivative of -q**5/10 + q**4/6 + q**3/3 + q**2/2 - 4*q. What is the units digit of y(b)?
3
Suppose -2*g = 2*k, -6*g = -10*g + k + 10. Suppose 0 = -g*w + 851 + 289. What is the tens digit of w?
7
Let p(k) = k + 24. Let z = -28 + 9. Let v be p(z). Suppose -130 = -3*u + v. What is the units digit of u?
5
Suppose 1059458 = 68*c + 35*c. What is the tens digit of c?
8
Suppose -3*a = -3*j, 3*j + 9 = -5*a + 1. What is the units digit of 4952/9 + (-4)/(-18)*j?
0
Suppose -a + 93010 = 6*n, -3*n + 39141 + 7373 = -4*a. What is the hundreds digit of n?
5
Suppose -83942 - 562413 = -37*h + 41956. What is the thousands digit of h?
8
Let u = 99 - -374. Let j = -37 + u. Suppose l = -3*c + j, -c + 0*c + l = -148. What is the tens digit of c?
4
Suppose 4*d + 18 = 5*x, d - 2 = x - 3*x. Let o(q) = -q**2 + 2. Let k be o(x). What is the units digit of (-19)/k - (-15)/30?
0
Suppose -42*a + 348769 + 617063 = 42*a. What is the hundreds digit of a?
4
Let s(u) = -u**2 + 7*u. Let g be s(7). Suppose g = -0*k - 3*k + 90. Suppose -4*v + k + 6 = 0. What is the units digit of v?
9
Suppose -5*i + 4 = -16. Suppose -i*v + 2*v = 2034. What is the tens digit of 2/8 + v/(-12)?
8
Suppose -107*z + 21945 = 102*z. What is the tens digit of z?
0
What is the ten thousands digit of ((-33)/(-55) - 56/10*-2704) + 7?
1
Let i(g) = 22597*g - 4283. What is the units digit of i(1)?
4
Let s(z) = z**2 + 198*z + 24513. What is the thousands digit of s(0)?
4
Let a = 14 + -11. Suppose -3 = -6*s + a*s. What is the units digit of s/(-3) - 3179/(-33)?
6
Suppose -13*d + 43078 = -49196. What is the units digit of d?
8
Let o(p) = 746*p - 24. Let a be o(1). Let v = -507 + a. What is the tens digit of v?
1
Let b = 122764 - 73839. What is the hundreds digit of b?
9
Let z(a) = a**3 + 12*a**2 - 31*a + 13. Let j be z(-14). Suppose -51*t + j*t = 2*i + 1182, 0 = 5*t - 2*i - 1479. What is the tens digit of t?
9
Let r(s) = -14*s - 176. Let w = -105 + 62. What is the tens digit of r(w)?
2
Let h = -429 + 435. Suppose -h*a + 6885 - 1365 = 0. What is the hundreds digit of a?
9
Suppose -u + 31 = 107. Let y = u - -70. What is the units digit of 12/(-15)*18*40/y?
6
Let w = 15586 + -8796. What is the units digit of w?
0
Suppose 79*s = 38*s + 81959. What is the hundreds digit of s?
9
Let b be (2/(-4))/(17/510). Let t be (-26)/(-5) - (0 + (-3)/b). Suppose -114 = -2*v + i, 2*v - 138 = -0*i - t*i. What is the units digit of v?
9
Let h = 93683 + -40501. What is the thousands digit of h?
3
Let n(d) = -3*d**3 - 5*d**2 - 4*d - 1. Suppose 84 = -3*h - 4*h. Let b = h + 9. What is the units digit of n(b)?
7
Suppose 893*m - 1550 = 892*m. Suppose -3973 = -21*f + m. What is the hundreds digit of f?
2
Let m(s) = 12*s**2 + 7*s - 7. Let y(z) = z**2. Let b(o) = -m(o) + 3*y(o). Let f be b(2). Let j = f - -57. What is the tens digit of j?
1
Let t(d) = 2*d**2 - 4 - 2*d + 3 - 2*d + 3*d. Let k be 74/26 - (-26)/169. What is the tens digit of t(k)?
1
Let v be (-54 - -60)*(0 - (-4)/6). Suppose 2*f + 7104 = 7*f - o, 5*f + v*o = 7084. What is the thousands digit of f?
1
Let i = 4311 - 318. What is the tens digit of i?
9
Let c(w) = 2*w**3 + 44*w**2 + 40*w - 35. Let t be c(-21). Suppose -t*i = 6*i - 10933. What is the tens digit of i?
4
What is the units digit of (-4 - (-1 + 4 + -24804)) + 4?
1
Let a(s) = 14*s**2 - 15*s - 45. Let l be a(-3). Let c = -14 + 19. Suppose -l = -c*g + 369. What is the tens digit of g?
9
Let h(t) = -6*t**2 + 11*t + 4. Let r be h(2). Suppose r*c = 3*w - 2*w + 995, 0 = 4*c - w - 1989. What is the tens digit of c?
9
Let d be (2/(0 + -6))/((-32)/288). Suppose -3*o - 4*u + d*u = -1396, o - 458 = -4*u. What is the tens digit of o?
6
What is the hundreds digit of 53730/8 + (0 - (-2)/(-8))?
7
Suppose -2*w + 136*w - 907834 = 156930. What is the tens digit of w?
4
Let s = -234 + 677. Let z = s + -139. Suppose 2*k = -0*k + z. What is the tens digit of k?
5
Suppose 509 = 2*k - k. Let u(s) = -19*s**2 - 220*s - 173. Let w be u(-12). Let t = w + k. What is the hundreds digit of t?
2
Let t(n) = 2*n**2 - 19*n - 18. Let s(w) = w**3 - 8*w**2 + 10*w - 7. Let l be ((-4)/(-12))/((-4)/(-84)). Let v be s(l). What is the tens digit of t(v)?
0
Let x(a) = 47*a**3 - 9*a**2 + 8*a + 2. Suppose 0 = -56*m + 58*m - 4. What is the units digit of x(m)?
8
Let a = -153 + 255. Let r = -20 + a. What is the units digit of r?
2
Let z be -4 - (12/30 - 9921/15). Let j = -350 + z. What is the tens digit of j?
0
Suppose 63*z + 62*z - 633384 = 11*z. What is the thousands digit of z?
5
Suppose 0 = -6*n + 453 + 1029. Let c = n + 204. Let a = c - 289. What is the tens digit of a?
6
Let l(i) = 2*i + 42. Suppose x + 150 = 11*x. Let j be l(x). Suppose 69*z = j*z - 504. What is the units digit of z?
8
Let s(j) = 23333*j**2 + 632*j - 632. What is the hundreds digit of s(1)?
3
Suppose 3*o + 2*v - 2132 = -o, -o - 3*v = -543. Let r = -224 + o. What is the units digit of r?
7
Suppose -2*s + 5*m = 2*m - 27, -4*s - 4*m = -4. Suppose -40 = -14*t + s*t. Suppose -6*g + 2*g + 714 = t*h, 0 = -5*g - 20. What is the units digit of h?
6
Suppose -4*o = -394*y + 396*y - 17702, o = -4*y + 35397. What is the units digit of y?
9
What is the tens digit of -30 + 25 + 4 + 7499 + -4?
9
Suppose 66 = j + 2*t - 494, 3*j - 5*t - 1702 = 0. What is the tens digit of j?
6
Suppose 15*v - 691 = -196. Suppose 2*y - v = 3*q, 0*y - 5*y + 57 = q. Suppose -1105 = 7*s - y*s. What is the hundreds digit of s?
2
Let i(k) = -k**3 + 6*k**2 + 17*k - 6. Let u be i(8). Let l(h) = -8*h - 3 - 4 - 6 + h**3 + 5*h**u + 3*h**2. What is the tens digit of l(-6)?
0
Let u = -28 + 30. Suppose 12 - 8 = u*m. Suppose -2*n - 470 = -5*y, m*n - 485 = -5*y + n. What is the tens digit of y?
9
Suppose -2*a = 3*l - 20 - 2, 3*a = -4*l + 33. Let s be (-12 + a)*(-1 + (-6)/1). Let x = 66 - s. What is the tens digit of x?
5
Suppose -5*k - 4*z = -196, -5*z = 3*k - 6*z - 104. Let t be 1/((-30)/31 - -1). Let a = k - t. What is the units digit of a?
5
Suppose 5*d + 20 = 0, 5*d + 44 = 4*n - 2*n. What is the hundreds digit of (3 - -1)*1284/n?
4
Let s = -22 - -52. Let y be (1100/s)/((-2)/(-6)). Let t = y + -53. What is the units digit of t?
7
Let w = 19009 + -3818. What is the units digit of w?
1
Suppose -2*r = -y - 6, 0*r - 10 = -3*r + y. Suppose r*j + 2300 = 14*j. What is the hundreds digit of j?
2
Let h be 0/1*1/(-1). Suppose h = -2*z + k + 892, -3*z = 2*z - 4*k - 2236. Suppose z = -68*l + 72*l. What is the tens digit of l?
1
Suppose 3623101 = -138*g - 132*g + 9038221. What is the units digit of g?
6
Suppose -3*c + 2*m = -c + 12, c - 3*m = -6. Let w(p) = -4*p**3 - 12*p**2 + 14*p + 4. What is the hundreds digit of w(c)?
3
Let i = -5998 + 11762. What is the tens digit of i?
6
Let o(k) = -3127*k + 1340. What is the ten thousands digit of o(-3)?
1
Let x(r) = 4*r**3 - 14*r**2 + 7*r - 21. Let i be (-23 - -22) + (-21)/(-3). What is the units digit of x(i)?
1
What is the hundreds digit of 570*(-6 + (-309)/(-9))?
1
Let k = 415 - 413. Suppose 4*z - k*v - 1991 - 3005 = 0, -5*z + v + 6239 = 0. What is the tens digit of z?
4
Let m = 54 - 64. Let l(a) = 3*a**2 - 12*a - 40. Let w(s) = -4*s**2 + 13*s + 41. Let r(u) = -7*l(u) - 6*w(u). What is the units digit of r(m)?
4
Let c(u) = -2*u**2 + 5*u - 15. Let v be c(14). Let d = v - -599. What is the tens digit of d?
6
Suppose -47*c + 1288125 = 182*c. What is the hundreds digit of c?
6
What is the units digit of (2 + -1 + -